at is the remainder when 719030 is divided by 239607?
209
Calculate the remainder when 3703246 is divided by 24854.
0
What is the remainder when 2147624 is divided by 232?
0
Calculate the remainder when 8512586 is divided by 216.
26
What is the remainder when 286638 is divided by 771?
597
Calculate the remainder when 29298 is divided by 2440.
18
Calculate the remainder when 55436215 is divided by 617.
616
Calculate the remainder when 33111719 is divided by 1426.
1425
Calculate the remainder when 40027 is divided by 2718.
1975
What is the remainder when 2706395 is divided by 541277?
10
Calculate the remainder when 39838 is divided by 13.
6
Calculate the remainder when 90913 is divided by 12943.
312
What is the remainder when 788779 is divided by 131460?
19
Calculate the remainder when 209601 is divided by 69634.
699
Calculate the remainder when 3928922 is divided by 3928864.
58
What is the remainder when 269806 is divided by 53954?
36
Calculate the remainder when 313820 is divided by 305224.
8596
What is the remainder when 24678234 is divided by 725?
684
Calculate the remainder when 1283296 is divided by 19.
17
Calculate the remainder when 191782 is divided by 5809.
85
Calculate the remainder when 1873050 is divided by 362.
62
Calculate the remainder when 19993344 is divided by 13.
7
Calculate the remainder when 5657338 is divided by 1885775.
13
Calculate the remainder when 1516479 is divided by 7545.
7479
Calculate the remainder when 17111551 is divided by 19.
18
What is the remainder when 1281096 is divided by 232?
224
What is the remainder when 2267346 is divided by 331?
327
Calculate the remainder when 108139 is divided by 1072.
939
What is the remainder when 4590103 is divided by 472?
375
What is the remainder when 1006444 is divided by 310?
184
Calculate the remainder when 213118 is divided by 1122.
1060
Calculate the remainder when 3508583 is divided by 1435.
8
What is the remainder when 22230 is divided by 2241?
2061
What is the remainder when 3571381 is divided by 1636?
1629
Calculate the remainder when 33480754 is divided by 7743.
22
What is the remainder when 17288737 is divided by 1998?
43
What is the remainder when 171213 is divided by 1136?
813
What is the remainder when 4387517 is divided by 105?
92
What is the remainder when 13877701 is divided by 5010?
1
Calculate the remainder when 10664307 is divided by 187092.
63
What is the remainder when 29429271 is divided by 3056?
3047
Calculate the remainder when 1230275270 is divided by 17.
9
What is the remainder when 81257066 is divided by 232?
226
Calculate the remainder when 37361250 is divided by 15698.
10
What is the remainder when 1410898 is divided by 513?
148
What is the remainder when 598865 is divided by 2?
1
What is the remainder when 601175 is divided by 1638?
29
Calculate the remainder when 749176 is divided by 13.
12
What is the remainder when 3061225 is divided by 29?
14
Calculate the remainder when 80133 is divided by 5335.
108
What is the remainder when 127759 is divided by 31939?
3
What is the remainder when 9972087 is divided by 4566?
4509
What is the remainder when 249739 is divided by 1563?
1222
What is the remainder when 1410003 is divided by 1361?
7
What is the remainder when 5703245 is divided by 1901062?
59
What is the remainder when 205180481 is divided by 38?
13
What is the remainder when 828140 is divided by 22?
16
What is the remainder when 111022344 is divided by 35?
34
Calculate the remainder when 5209273 is divided by 2647.
2624
What is the remainder when 133843 is divided by 22256?
307
What is the remainder when 1410694 is divided by 296?
254
Calculate the remainder when 63522810 is divided by 21.
15
What is the remainder when 51481 is divided by 3688?
3537
What is the remainder when 1896308 is divided by 5908?
5748
Calculate the remainder when 3688846 is divided by 6707.
6703
What is the remainder when 11258 is divided by 897?
494
What is the remainder when 16399937 is divided by 57?
11
Calculate the remainder when 10078609 is divided by 556.
553
Calculate the remainder when 109699 is divided by 113.
89
What is the remainder when 58254298 is divided by 7605?
7603
What is the remainder when 104410479 is divided by 2480?
2479
Calculate the remainder when 39215 is divided by 179.
14
Calculate the remainder when 3033206 is divided by 4.
2
What is the remainder when 5702383 is divided by 2851188?
7
Calculate the remainder when 5769 is divided by 3687.
2082
What is the remainder when 178909 is divided by 13760?
29
Calculate the remainder when 19589758 is divided by 2299.
2278
What is the remainder when 3449913 is divided by 36?
33
What is the remainder when 21594241 is divided by 52?
45
Calculate the remainder when 13140718 is divided by 113282.
6
What is the remainder when 10760950 is divided by 190?
110
Calculate the remainder when 105356 is divided by 34693.
1277
Calculate the remainder when 918282 is divided by 1925.
57
Calculate the remainder when 6967756 is divided by 169945.
11
Calculate the remainder when 99217 is divided by 437.
18
Calculate the remainder when 201490894 is divided by 1599134.
10
What is the remainder when 4838228 is divided by 1534?
1526
Calculate the remainder when 18875 is divided by 342.
65
What is the remainder when 165779 is divided by 22?
9
Calculate the remainder when 338564 is divided by 5845.
5399
Calculate the remainder when 117095 is divided by 6439.
1193
Calculate the remainder when 15199707 is divided by 1329.
1263
Calculate the remainder when 7487760 is divided by 311989.
24
What is the remainder when 4198266 is divided by 288?
90
What is the remainder when 1735423 is divided by 241?
223
What is the remainder when 116798787 is divided by 1542?
1539
What is the remainder when 90320 is divided by 89862?
458
What is the remainder when 622871 is divided by 769?
750
Calculate the remainder when 24094 is divided by 1077.
400
Calculate the remainder when 9908104 is divided by 41.
3
What is the remainder when 127349047 is divided by 41563?
15
What is the remainder when 10607 is divided by 9983?
624
Calculate the remainder when 2794685 is divided by 42.
5
What is the remainder when 17474355 is divided by 1031?
967
Calculate the remainder when 7491187 is divided by 1872786.
43
Calculate the remainder when 21230938 is divided by 12358.
12252
What is the remainder when 1265063 is divided by 54961?
960
Calculate the remainder when 202062 is divided by 2322.
48
Calculate the remainder when 15735218 is divided by 460.
458
What is the remainder when 52467 is divided by 1116?
15
What is the remainder when 5155644 is divided by 1425?
1419
Calculate the remainder when 271236 is divided by 276.
204
What is the remainder when 451893981 is divided by 2672?
2669
Calculate the remainder when 2998392 is divided by 2119.
7
Calculate the remainder when 247633 is divided by 7473.
1024
What is the remainder when 617296 is divided by 19902?
334
Calculate the remainder when 18998534 is divided by 78.
74
What is the remainder when 1287984 is divided by 429238?
270
What is the remainder when 2192165 is divided by 36?
17
What is the remainder when 80135605 is divided by 572397?
25
What is the remainder when 3464548 is divided by 1732187?
174
Calculate the remainder when 79137143 is divided by 2844.
2843
What is the remainder when 655323 is divided by 46?
7
What is the remainder when 1776087 is divided by 48000?
87
What is the remainder when 55743997 is divided by 871?
868
Calculate the remainder when 329946 is divided by 21892.
1566
Calculate the remainder when 21585431 is divided by 209567.
30
Calculate the remainder when 1024967 is divided by 447.
443
Calculate the remainder when 7157 is divided by 729.
596
Calculate the remainder when 675676195 is divided by 52.
51
What is the remainder when 3282500 is divided by 2500?
0
Calculate the remainder when 67471 is divided by 2701.
2647
Calculate the remainder when 1138049606 is divided by 7482.
7478
Calculate the remainder when 895901 is divided by 107.
97
What is the remainder when 1508928 is divided by 336?
288
Calculate the remainder when 742243 is divided by 356.
339
What is the remainder when 58190 is divided by 336?
62
What is the remainder when 5076933 is divided by 18?
15
Calculate the remai